60 a multiple of 59?
True
Does 57 divide 4784542549?
False
Is 37554227 a multiple of 1310?
False
Is 63340496 a multiple of 1809?
False
Does 10634 divide 6992726988?
True
Does 828 divide 2122069608?
True
Does 232 divide 49273629?
False
Is 102 a factor of 6503823654?
True
Is 180709749 a multiple of 363?
True
Does 3 divide 86845549?
False
Is 78508752 a multiple of 56?
True
Is 152 a factor of 77103421?
False
Does 784 divide 786282224?
True
Does 1139 divide 1196156?
False
Is 24898923 a multiple of 231?
False
Does 13 divide 798851573?
True
Is 23587531 a multiple of 1501?
False
Is 12352709 a multiple of 37?
True
Does 35 divide 22050264?
False
Does 3099 divide 1220108055?
False
Is 944 a factor of 563409067?
False
Does 3 divide 84163?
False
Is 15540137 a multiple of 46?
False
Does 79 divide 332748?
True
Does 805 divide 65506685?
False
Does 557 divide 1315988809?
True
Is 28710085 a multiple of 30?
False
Is 45 a factor of 132109824?
False
Is 110 a factor of 89333530?
True
Does 4754 divide 717339371?
False
Is 1824 a factor of 9140064?
True
Does 446 divide 1087571?
False
Is 74404839 a multiple of 114?
False
Does 27 divide 89396829?
False
Is 10 a factor of 15041720?
True
Does 409 divide 424616847?
True
Does 3658 divide 1855810449?
False
Is 46 a factor of 1151447308?
False
Is 15 a factor of 5467683?
False
Is 60 a factor of 45732874?
False
Is 123705254 a multiple of 8?
False
Is 636441324 a multiple of 12?
True
Is 626 a factor of 822964963?
False
Does 26 divide 148303688?
True
Is 36 a factor of 263455780?
False
Is 4288 a factor of 294551296?
True
Is 359277425 a multiple of 445?
True
Is 4167 a factor of 46735632?
False
Does 1455 divide 85779525?
True
Is 314 a factor of 368823411?
False
Is 91 a factor of 156937690?
True
Does 39 divide 185929747?
False
Is 4 a factor of 32511240?
True
Does 31 divide 5833301?
True
Does 91 divide 37404185?
True
Is 173293065 a multiple of 5587?
False
Is 1559844 a multiple of 99?
True
Is 67 a factor of 87716244?
False
Is 965 a factor of 1327444350?
True
Is 225 a factor of 25321725?
True
Is 92 a factor of 358356560?
True
Is 66806090 a multiple of 26?
True
Is 4320 a factor of 1514869532?
False
Is 14 a factor of 1544533557?
False
Is 41056914 a multiple of 136?
False
Is 24073239 a multiple of 8?
False
Does 3215 divide 26830989?
False
Is 97 a factor of 4809260?
True
Is 1407551104 a multiple of 128?
True
Does 260 divide 1105186539?
False
Does 81 divide 268767639?
True
Does 77 divide 38121930?
True
Is 241 a factor of 35286738?
True
Is 534936 a multiple of 2?
True
Is 22 a factor of 44196341?
False
Is 20359009 a multiple of 11?
True
Is 10380874 a multiple of 5?
False
Is 103 a factor of 125037?
False
Is 23 a factor of 30411663?
False
Does 216 divide 93171658?
False
Is 2865 a factor of 572707770?
True
Is 15 a factor of 984727259?
False
Is 315223896 a multiple of 50?
False
Is 116675252 a multiple of 751?
False
Is 1755 a factor of 142290609?
False
Is 9583135 a multiple of 73?
False
Does 12 divide 35078439?
False
Is 3137 a factor of 1351403915?
True
Is 699 a factor of 183066702?
True
Is 318082352 a multiple of 14?
True
Is 13 a factor of 13618358?
True
Is 327 a factor of 22855921?
False
Is 97728201 a multiple of 3?
True
Is 4 a factor of 10760326?
False
Is 82911006 a multiple of 459?
True
Is 104924721 a multiple of 11?
True
Is 64825112 a multiple of 274?
True
Does 1149 divide 1263008096?
False
Is 1429 a factor of 2777398684?
True
Is 44 a factor of 17259044?
True
Does 400 divide 32338697?
False
Does 61 divide 1870912?
False
Is 6478014 a multiple of 396?
False
Does 21 divide 21307670?
False
Does 207 divide 361850947?
False
Is 7863 a factor of 4281781910?
False
Is 129 a factor of 24486264?
True
Does 3158 divide 24806090?
True
Does 141 divide 61586320?
False
Is 212 a factor of 78863152?
True
Is 8094 a factor of 334254692?
False
Is 2937005 a multiple of 9?
False
Does 10 divide 21535140?
True
Is 135652749 a multiple of 1441?
False
Is 37 a factor of 4325744?
True
Does 55 divide 6461345?
True
Does 52 divide 21653892?
True
Is 459 a factor of 374064171?
False
Does 3321 divide 24207916?
False
Is 260 a factor of 2035378452?
False
Is 14032967 a multiple of 18?
False
Is 20 a factor of 269476920?
True
Is 21609532 a multiple of 25?
False
Is 93 a factor of 13183848?
False
Is 9 a factor of 935899866?
True
Does 3504 divide 283999200?
True
Is 5 a factor of 5548193?
False
Does 2504 divide 36595960?
True
Is 2999 a factor of 838787311?
True
Is 275482499 a multiple of 1262?
False
Is 1667226 a multiple of 13?
False
Is 1094 a factor of 3637162724?
True
Is 12 a factor of 19900092?
True
Is 3203105221 a multiple of 969?
False
Does 48 divide 40611600?
True
Is 1784556756 a multiple of 246?
False
Is 1377 a factor of 4119082777?
False
Does 4339 divide 277084966?
False
Does 424 divide 83738304?
True
Is 17 a factor of 496155302?
True
Is 60887136 a multiple of 96?
True
Does 4 divide 17911988?
True
Is 67556352 a multiple of 1536?
True
Is 76 a factor of 33492810?
False
Does 556 divide 37080752?
True
Is 8 a factor of 1595029264?
True
Is 13637220 a multiple of 1670?
True
Is 58113771 a multiple of 199?
True
Does 140 divide 216064326?
False
Is 313287156 a multiple of 234?
True
Is 21 a factor of 20771667?
True
Is 2 a factor of 3221986?
True
Does 232 divide 62901492?
False
Is 216 a factor of 69470136?
True
Does 7869 divide 1393521210?
True
Is 44824431 a multiple of 1293?
True
Is 908 a factor of 78658044?
False
Does 37 divide 520664?
True
Does 24 divide 85653216?
True
Is 1023 a factor of 546875340?
True
Is 16958881 a multiple of 29?
True
Is 196834252 a multiple of 58?
True
Is 43 a factor of 785366945?
False
Is 53 a factor of 5117922502?
False
Does 149 divide 48323233?
True
Does 2152 divide 23843762?
False
Is 32800060 a multiple of 160?
False
Is 62 a factor of 971615640?
True
Is 67729403 a multiple of 31?
False
Does 11192 divide 986485264?
True
Is 446115078 a multiple of 134?
True
Is 46 a factor of 15150676?
False
Does 4303 divide 126774986?
True
Is 91 a factor of 47091706?
False
Does 270 divide 6529140?
True
Does 42 divide 3099964592?
False
Is 154688336 a multiple of 210?
False
Is 23 a factor of 70158261?
False
Does 20 divide 3484608?
False
Is 349018285 a multiple of 1203?
False
Does 126 divide 84058488?
False
Does 10 divide 3736500?
True
Does 2621 divide 23463192?
True
Does 11 divide 2601766?
False
Is 917330463 a multiple of 3357?
True
Does 94 divide 23248031?
False
Is 382 a factor of 73612546?
True
Is 5128 a factor of 1307193864?
True
Is 824142150 a multiple of 117?
True
Does 608 divide 325870976?
True
Is 878160785 a multiple of 33?
False
Is 81 a factor of 1459568666?
False
Is 121998369 a multiple of 83?
False
Is 2004737816 a multiple of 2708?
True
Is 4649 a factor of 423147331?
True
Does 4 divide 2555596?
True
Does 1017 divide 613449062?
False
Is 35 a factor of 3435208?
False
Is 34 a factor of 153416205?
False
Does 370 divide 159243560?
True
Is 6559552 a multiple of 544?
True
Is 2873 a factor of 391342822?
True
Is 2067582227 a multiple of 84?
False
Is 227 a factor of 63404505?
True
Is 5 a factor of 2691406745?
True
Is 18 a factor of 23374422?
True
Does 459 divide 4982883240?
False
Is 18 a factor of 27244868?
False
Is 248242302 a multiple of 66?
True
Is 229 a factor of 27835682?
False
Is 718977168 a multiple of 216?
True
Is 194412808 a multiple of 1995?
False
Is 182 a factor of 5816369832?
True
Does 285 divide 3428185485?
True
Is 4 a factor of 27294042?
False
Is 53 a factor of 8693749?
True
Is 103 a factor of 646527807?
True
Is 383 a factor of 2454845007?
False
Is 35327200 a multiple of 3117?
False
Is 6639861 a multiple of 11?
False
Is 22608680 a multiple of 12?
False
Is 320599184 a multiple of 335?
False
Does 15 divide 67196850?
True
Does 317 divide 100240978?
False
Is 77896098 a multiple of 2373?
True
Is 1926 a factor of 193118094?
True
Is 35 a factor of 56040773?
False
Is 14214522 a multiple of 321?
True
Is 17214017 a multiple of 3599?
True
Is 371 a factor of 261898175?
True
Is 489 a factor of 1933625805?
True
Is 379 a factor of 42074195?
False
Is 35023732 a multiple of 284?
True
Is 616097664 a multiple of 8489?
True
Is 226899693 a multiple of 7?
False
Is 104 a factor of 1014974480?
True
Is 160004666 a multiple of 343?
False
Is 82 a factor of 249284592?
True
Does 103 divide 273344115?